{"id":1828,"date":"2018-07-02T12:53:30","date_gmt":"2018-07-02T16:53:30","guid":{"rendered":"http:\/\/stewartfamilychiro.com\/?page_id=1828"},"modified":"2018-07-02T12:53:30","modified_gmt":"2018-07-02T16:53:30","slug":"que-puedes-esperar","status":"publish","type":"page","link":"https:\/\/stewartfamilychiro.com\/index.php\/que-puedes-esperar\/","title":{"rendered":"Que Puedes Esperar"},"content":{"rendered":"<p><strong>Bienvenido a (SFC) STEWART FAMILY CHIROPRACTIC<\/strong><\/p>\n<p><strong>Por favor lea esto cuidadosamente<\/strong>. Le voy a explicar lo que se puede esperar, al\u00a0 empezar en su camino a la mejor salud.<\/p>\n<p>En primer lugar, usted puede esperar de nosotros, mucho cuidado, sobre su salud y la de su familia.<\/p>\n<p><strong>Su primera visita <\/strong>con nosotros ser\u00e1 el examen. Esto es recopilaci\u00f3n de informaci\u00f3n para que yo pueda ayudarle correctamente. Es posible que ya haya consultado uno o m\u00e1s m\u00e9dicos sobre su condici\u00f3n. Yo no voy a estar replicando lo que esas buenas personas ya lo han hecho. Mi objetivo es encontrar la causa b\u00e1sica del por qu\u00e9 su cuerpo est\u00e1 funcionando mal y porque no tiene una recuperaci\u00f3n completamente.<\/p>\n<p>Para ello, voy a estar centrado en la columna vertebral debido a que su columna vertebral contiene la m\u00e9dula espinal. La m\u00e9dula espinal es la s\u00faper carretera de la informaci\u00f3n entre el cerebro, el cual maneja el cuerpo, en su cuerpo. Voy a buscar huesos de la columna, las v\u00e9rtebras, que est\u00e1n fuera de alineaci\u00f3n con los dem\u00e1s. Estos son\u00a0 llamados subluxaciones (sub-suerte-\u0101-esquiva).\u00a0 Las subluxaciones bloquear el flujo de informaci\u00f3n que circula a lo largo de la m\u00e9dula espinal entre su cerebro y su cuerpo. He encontrado que las subluxaciones dan como resultado un funcionamiento incorrecto, que es tambi\u00e9n lo que llamamos enfermedad. Todo, desde las infecciones del o\u00eddo en los ni\u00f1os, los resfriados, asma o las migra\u00f1as hasta el\u00a0 c\u00e1ncer, la artritis y las enfermedades del coraz\u00f3n pueden ser consecuencia de las subluxaciones en la columna que bloquean la libre circulaci\u00f3n de la informaci\u00f3n.<\/p>\n<p><strong>La segunda visita <\/strong>con nosotros incluya su <strong>Informe M\u00e9dico<\/strong>. El informe\u00a0 m\u00e9dico est\u00e1 incluido en su primera visita, sin ning\u00fan\u00a0 coste adicional. El informe m\u00e9dico incluye una discusi\u00f3n acerca de c\u00f3mo la quiropr\u00e1ctica puede ayudar. Voy a revisar los radiografias con usted y explicar lo que debemos hacer para ayudarle a tener una mejor salud . Usted recibir\u00e1 un plan de cuidados y revisaremos\u00a0 cualquier \u00e1mbito de los seguros y las consideraciones financieras en ese momento. Si usted desea comenzar su cuidado, usted recibir\u00e1 un ajuste quiropr\u00e1ctico. Si opta por iniciar solo habr\u00e1 un pago por el ajuste..<\/p>\n<p><strong>De aqu\u00ed en adelante<\/strong> depende de usted conseguir su plan de cuidados. S\u00f3lo puedo ayudarle si usted sigue\u00a0 el plan y haremos el trabajo necesario para mejorar su funci\u00f3n de los \u00f3rganos para que se sane.<\/p>\n<p>Bienvenido a SFC, me alegra que est\u00e9n aqu\u00ed. Es un honor para m\u00ed que usted haya eligi\u00f3 mi oficina, y espero poder servirle.<\/p>\n<p>El Dr. Gary<\/p>\n","protected":false},"excerpt":{"rendered":"<p>Bienvenido a (SFC) STEWART FAMILY CHIROPRACTIC Por favor lea esto cuidadosamente. Le voy a explicar lo que se puede esperar, al\u00a0 empezar en su camino a la mejor salud. En primer lugar, usted puede esperar de nosotros, mucho cuidado, sobre su salud y la de su familia. Su primera visita con nosotros ser\u00e1 el examen. &hellip; <a href=\"https:\/\/stewartfamilychiro.com\/index.php\/que-puedes-esperar\/\" class=\"more-link\">Continue reading <span class=\"screen-reader-text\">Que Puedes Esperar<\/span> <span class=\"meta-nav\">&rarr;<\/span><\/a><\/p>\n","protected":false},"author":1,"featured_media":0,"parent":0,"menu_order":0,"comment_status":"closed","ping_status":"closed","template":"","meta":{"footnotes":""},"class_list":["post-1828","page","type-page","status-publish","hentry"],"_links":{"self":[{"href":"https:\/\/stewartfamilychiro.com\/index.php\/wp-json\/wp\/v2\/pages\/1828"}],"collection":[{"href":"https:\/\/stewartfamilychiro.com\/index.php\/wp-json\/wp\/v2\/pages"}],"about":[{"href":"https:\/\/stewartfamilychiro.com\/index.php\/wp-json\/wp\/v2\/types\/page"}],"author":[{"embeddable":true,"href":"https:\/\/stewartfamilychiro.com\/index.php\/wp-json\/wp\/v2\/users\/1"}],"replies":[{"embeddable":true,"href":"https:\/\/stewartfamilychiro.com\/index.php\/wp-json\/wp\/v2\/comments?post=1828"}],"version-history":[{"count":1,"href":"https:\/\/stewartfamilychiro.com\/index.php\/wp-json\/wp\/v2\/pages\/1828\/revisions"}],"predecessor-version":[{"id":1829,"href":"https:\/\/stewartfamilychiro.com\/index.php\/wp-json\/wp\/v2\/pages\/1828\/revisions\/1829"}],"wp:attachment":[{"href":"https:\/\/stewartfamilychiro.com\/index.php\/wp-json\/wp\/v2\/media?parent=1828"}],"curies":[{"name":"wp","href":"https:\/\/api.w.org\/{rel}","templated":true}]}}